is the tens digit of 87/232 - (-7165)/8?
9
Let l be 10/15*9/(-6). Let q be (-18)/(-6) - (l - -6). What is the units digit of q + 0 + 8 - -2?
8
Let n = 32 + -70. Let t = n + 66. What is the units digit of t?
8
Let s(i) = 3*i**2 + 4*i - 52. What is the tens digit of s(7)?
2
Let b(a) = -6*a**2 + 10*a - 3. Let f(h) = -5*h**2 + 10*h - 2. Let r(i) = -2*b(i) + 3*f(i). Let u be r(7). Let c = -14 - u. What is the tens digit of c?
6
Let c be (4/(-1))/4*-8. Let w(s) = -1 + 10*s**2 - s**3 - 17*s + 32*s + c. What is the tens digit of w(11)?
5
Let v(g) = -g**2 + 4*g + 15. Let f be v(-5). Let l = f - -79. What is the tens digit of l?
4
Suppose -5*r + 11 = 1. Suppose y - 5*l - 92 = 5*y, 5*l = r*y + 16. Let s = y - -34. What is the tens digit of s?
1
Suppose 0 = 34*i - 33*i - 170. Suppose -52*o + 57*o = i. What is the units digit of o?
4
Let q(n) = n**2 + 7*n + 4. Let o be q(-6). Let c be 386/(-2) - -1 - 2. What is the tens digit of c/(-8) + o/8?
2
What is the thousands digit of (6 - 2829)/((-6)/4)?
1
Let x(k) = -k + 16. Let w be x(11). Suppose -15 = 5*h, 3 = 5*r + w*h - 42. Let n = -7 + r. What is the units digit of n?
5
Let l(b) = -b - 4. Suppose 0 = -2*d + 5*s, -4*s = 5*d - d + 56. Let a be l(d). Suppose 4*h - 4*k = 20, 2*h + 4*k + a = 40. What is the units digit of h?
9
Let b(l) be the third derivative of -5*l**4/24 - 11*l**3/2 + 32*l**2. What is the units digit of b(-10)?
7
Let k(x) = -x**3 + 60*x**2 + 74*x + 53. What is the thousands digit of k(60)?
4
Suppose -u + 4*j - 14 = 0, 3*j - 34 = 5*u + 36. Let q(y) be the first derivative of y**3/3 + 11*y**2/2 + 10*y + 91. What is the tens digit of q(u)?
5
Let x(u) = 7*u**3 - 5*u**2 + 21*u + 13. What is the units digit of x(7)?
6
What is the tens digit of 2503/4 + 2/8?
2
Let f(j) = 12*j**2 - 8*j + 12. What is the hundreds digit of f(-5)?
3
Let t = -15 + 18. Suppose 123 + 204 = t*h. What is the tens digit of h?
0
Let l = 1340 - 1245. What is the tens digit of l?
9
Suppose -3*u - 2040 = -4*a, 3*u + 651 = -2*a - 1389. Let h = -481 - u. What is the tens digit of h?
9
Suppose r - 12 + 2 = 0. Suppose 4*b = -3*d - 3, 6*d + r = 4*d. Suppose b = s - 27. What is the units digit of s?
0
Let t(s) = -s**2 - 5*s + 3. Let n be t(-5). Let x be -74 - (-1)/(n/(-3)). What is the units digit of 8/(-6)*x/10?
0
Suppose -123*r - 32591 = -136*r. What is the units digit of r?
7
Let j be 50/6 - 12/(-18). Suppose v + 2*v = j. Let z = v - -1. What is the units digit of z?
4
Suppose 3517 = 15*v + 727. What is the hundreds digit of v?
1
Let p(k) = -35*k**3 + 6*k**2 + 11*k + 15. What is the hundreds digit of p(-3)?
9
Suppose 4*y - 3*g - 312 - 49 = 0, -5*g + 460 = 5*y. Suppose -3*t = -j + y, 2*j - 73 = 3*t + 94. What is the tens digit of j?
7
Let k(f) = 5870*f - 91 - 5902*f + 35. What is the tens digit of k(-11)?
9
Let a(p) = -p**3 + 3*p**2 - 2*p + 8. Let o be a(4). Let u = o - -27. Let q = 49 - u. What is the tens digit of q?
3
Let q(y) = 6*y**2 + 20*y - 27. What is the hundreds digit of q(6)?
3
Suppose 8*k - 104 = -8. Let y be k/(4 + (-21)/6). Suppose -2*w + y = -30. What is the units digit of w?
7
Let f = -55 - -73. What is the units digit of ((-966)/f + 4)*-1*6?
8
Let s(v) = 2*v**3 + 18*v**2 - 5*v - 49. What is the tens digit of s(8)?
8
Suppose 394 = 7*q - 9*q. Let g = 328 + q. What is the units digit of g?
1
Suppose 5*m - 6 = 2*m. Let x be 1 + m - 8/4. Let h(f) = 20*f - 1. What is the units digit of h(x)?
9
Let v = -509 - -1488. What is the hundreds digit of v?
9
Suppose -13 = -4*j - 4*n + 3, 0 = 2*j - n - 14. Suppose -j*a + 27 + 3 = 0. Suppose -2*d + 25 = -a. What is the units digit of d?
5
Let j(k) = k - 1. Let h be j(6). Suppose -72 = -3*z - h*d, d = -z + 11 + 11. Suppose -n - 2 + z = 0. What is the tens digit of n?
1
Let a(l) = l**2 + 8*l + 9. Suppose 0 = p + 3, 3*p + 2*p = -4*s - 55. What is the tens digit of a(s)?
2
Let t be (-3)/(1 + 10/(-4)). Let k(i) be the second derivative of 5*i**3/3 + i**2/2 + 19*i. What is the tens digit of k(t)?
2
Suppose 73 = 4*k - 59. Let r be 1*(-1 - 0)*2. Let z = k - r. What is the units digit of z?
5
Let v be ((-2)/(-4))/(1/6). Suppose h = v*h - 32. Let y = 22 - h. What is the units digit of y?
6
Let b(o) = 4*o**2. Let k be b(-2). Let d be (-17 + 16)*(k - -1). Let s(l) = l**3 + 18*l**2 + 17*l + 22. What is the tens digit of s(d)?
2
Suppose -4*a - a = -25. Let y(d) = d**3 - 6*d**2 + 4*d - 6. Let m be y(a). Let x(w) = -w**3 - 10*w**2 + 9*w - 11. What is the tens digit of x(m)?
1
Let g = 3 - 1. Let z = g - -84. What is the units digit of z?
6
What is the hundreds digit of (-1328)/96*-15*124/10?
5
What is the tens digit of (-9544)/(-30) - 2/15?
1
Let b be (2/(-1))/(3 - 4). Suppose t + 51 = 3*m, -120 = 5*t - b*t + 2*m. What is the units digit of (t/(-15))/(4/10)?
7
Suppose 0 = 13*o - 5539 - 298. Suppose 0 = 7*k - o - 90. What is the tens digit of k?
7
Let a be (4/5)/((-2)/10). Let o = -64 + 59. What is the units digit of (-1 + 9)/(a - o)?
8
Suppose -s = -2*b - 3*s + 286, 0 = 4*b - 5*s - 599. Let o = 350 - b. What is the units digit of o?
4
Let r(z) be the second derivative of z**4/6 + 2*z**2 + 4*z. Let o be r(-3). Let q = o - 15. What is the units digit of q?
7
Suppose -a - 3 + 5 = 0. Suppose -a*b = -4*b. Suppose d + 4*d - 365 = b. What is the units digit of d?
3
Suppose -3*g - 4788 = -5*l, 2*l + 4*g + 944 = 3*l. Suppose l = 7*m - 13. What is the tens digit of m?
3
Suppose 4*x - 8*i = -12*i + 2172, -3*x = -5*i - 1589. What is the units digit of x?
8
Let r = -1115 + 4076. What is the tens digit of r?
6
Suppose 152 = u - 2*v, -2*v = -2*u - 4*v + 328. Let g(i) = i**2 - 2*i - 4. Let x be g(-2). What is the units digit of u/(-12)*(1 - x)?
0
Let j = -711 - -404. Let q = -209 - j. What is the units digit of q?
8
Let x(j) = 54*j - 4. What is the units digit of x(3)?
8
Let n = 6 - 5. Suppose -3*o - n = -3*a + 2, 2*a = -2. What is the units digit of (-28)/(-6 - o - -3)?
8
Let n = 1668 + -1018. What is the units digit of n?
0
Suppose -1345 = -1075*l + 1074*l. What is the thousands digit of l?
1
Let g(v) = -v**3 + 3*v**2 - v. Let n be g(2). Suppose 4*b - 5*f = 3*b + 75, 5*b - n*f - 283 = 0. What is the units digit of b?
5
Let h(l) = 3*l**3 - 9*l**2 + 8*l + 5. Let x(q) = -13*q**3 + 36*q**2 - 31*q - 20. Let y(s) = -9*h(s) - 2*x(s). What is the tens digit of y(7)?
2
Suppose -o + 56 = 3*o. Let h = o + -8. Suppose -h*a = -9*a + 60. What is the tens digit of a?
2
Let t be -13 - (0/(-4) - -2). Let b = 20 + t. Let u = 9 - b. What is the units digit of u?
4
Let k = 154 - 247. What is the units digit of k*((-8)/(-12))/(-1)?
2
Let o = -146 - -64. Let b = o - -42. What is the units digit of 194/8 + 10/b?
4
Let z = 25 + -48. Let h = -15 - z. What is the units digit of h?
8
Let x(n) = -1082*n + 43. What is the hundreds digit of x(-5)?
4
Let g = 319 + 604. What is the tens digit of g?
2
Let h = 76 - 75. What is the hundreds digit of (-1 - -173)*(h/(-2) - -2)?
2
Let a = 2915 - 1709. What is the units digit of a?
6
What is the hundreds digit of (-15)/(-75) - -1*514/5?
1
Let h be 2*(-1 + (-28)/(-8)). Suppose -h*c = -n + 128, -2*c - 482 = -4*n + 3*c. What is the hundreds digit of n?
1
Let z(m) be the second derivative of -m**4/12 - 7*m**3/3 - 5*m. Let n be z(-13). Let t = 4 + n. What is the tens digit of t?
1
Let s(t) = 34*t - 152. What is the units digit of s(5)?
8
Let i(m) be the first derivative of 10*m**3 - 9 + 1/2*m**2 - m. What is the units digit of i(1)?
0
Suppose -56*y + 24108 = -44*y. What is the tens digit of y?
0
Let h(w) be the first derivative of 2*w**3/3 - w**2 - 3*w + 31. What is the units digit of h(2)?
1
Suppose c - 27 = 171. What is the units digit of c?
8
Let u be (-5 - 95)*(-1)/(-2). Let g be (-1 - u/(-4))*-6. Suppose 0 = -o + g - 24. What is the units digit of o?
7
Suppose -1197*x = -1201*x + 2004. What is the hundreds digit of x?
5
Suppose 667 - 1867 = 5*o. What is the units digit of (3/2)/(4 - (-957)/o)?
0
Let s(z) = -113*z + 4. Let k be s(-4). Suppose -n + 4 = 0, -6*t = -2*t + 5*n - k. What is the hundreds digit of t?
1
What is the units digit of 306/(-1122) + (-3952)/(-11)?
9
Suppose -2*a + 4*h - 78 = 0, 2*a + 35 + 41 = 3*h. Let g be a/5*(1 - 2). Let i = g + 10. What is the units digit of i?
7
Suppose -31*i + 29*i - 10 = 0. What is the tens digit of (-5258)/(-55) + (-2)/i?
9
Suppose 2*g = -m - 12, 4*m - 13 =